 -5 - 7?
-10
In base 12, what is 97 - -187?
262
In base 15, what is -5 + 15?
10
In base 12, what is -5 - -69?
64
In base 6, what is 414 + 1?
415
In base 9, what is 272 - -3?
275
In base 4, what is -32 + -1030?
-1122
In base 4, what is 200213 - -3?
200222
In base 2, what is 1010000001 - 0?
1010000001
In base 14, what is -4 + -2c?
-32
In base 2, what is 10000110 + -10001?
1110101
In base 15, what is -4 + 77a?
776
In base 10, what is -53 - -5?
-48
In base 12, what is 2 - 2b2?
-2b0
In base 8, what is 12170 + 5?
12175
In base 11, what is 0 - a5?
-a5
In base 5, what is -231 + 3?
-223
In base 6, what is 1004 - 4?
1000
In base 7, what is 11 - 36?
-25
In base 6, what is -3 + 352?
345
In base 8, what is 3 - -4570?
4573
In base 5, what is 113 - 1340?
-1222
In base 15, what is 5 - 8?
-3
In base 6, what is 1 + 24?
25
In base 16, what is -1 - -69?
68
In base 14, what is 31 - 1?
30
In base 8, what is -4 - -66?
62
In base 6, what is 3302 + 5?
3311
In base 14, what is -682 - 4?
-686
In base 3, what is 12021 + -2?
12012
In base 14, what is -1 + -23?
-24
In base 15, what is -4 - -26?
22
In base 7, what is 142 - 1?
141
In base 12, what is -22 - 374?
-396
In base 7, what is -1635 + -20?
-1655
In base 16, what is 8 - -431?
439
In base 3, what is -22 + -110?
-202
In base 8, what is -4 - 771?
-775
In base 2, what is -10 + 1001101000?
1001100110
In base 8, what is 6427 - 0?
6427
In base 3, what is 100 + -110?
-10
In base 4, what is -1023 - -10020?
2331
In base 2, what is -1 + -11001?
-11010
In base 3, what is -2201100 + 100?
-2201000
In base 2, what is 1111110010111 - -100?
1111110011011
In base 14, what is 95 + -4?
91
In base 11, what is -50 + -50?
-a0
In base 9, what is 1002 - -2?
1004
In base 9, what is -312 - 1?
-313
In base 4, what is -21030 + -222?
-21312
In base 6, what is 0 + 1233?
1233
In base 16, what is -3 - 34a?
-34d
In base 15, what is -46 - 0?
-46
In base 11, what is 51 - -3?
54
In base 8, what is -2 + 146?
144
In base 3, what is -1002 + -200?
-1202
In base 6, what is -14554 + 5?
-14545
In base 4, what is 103 + 10?
113
In base 2, what is 1010101 + -11010?
111011
In base 14, what is -1a + d?
-b
In base 13, what is -1 + -16?
-17
In base 15, what is -619 - 3?
-61c
In base 10, what is 5 + 225?
230
In base 2, what is 1 - 100010?
-100001
In base 12, what is 204 + -1?
203
In base 16, what is 20 + 3?
23
In base 10, what is -17 + -11?
-28
In base 10, what is 32 - -5?
37
In base 4, what is 100 + -1?
33
In base 15, what is 29 + -6?
23
In base 16, what is 1 - -b7f?
b80
In base 13, what is 9 + 87a?
886
In base 13, what is 1 + -3481?
-3480
In base 9, what is -605 + -3?
-608
In base 11, what is -5 + -41?
-46
In base 11, what is 5 - -32a6?
3300
In base 2, what is 110001010111 + -101?
110001010010
In base 7, what is -3 - 135?
-141
In base 11, what is 4 + 14a8?
1501
In base 9, what is 13 - 101?
-77
In base 6, what is -2 + -101?
-103
In base 16, what is -3 + 5d?
5a
In base 4, what is -31233 - 11?
-31310
In base 16, what is 5 - 198?
-193
In base 2, what is 110010110 + 1010?
110100000
In base 15, what is -25 + 2?
-23
In base 2, what is 101000 + -100010?
110
In base 12, what is -14 + -5?
-19
In base 6, what is -5 - -204?
155
In base 15, what is -20 + 1e?
-1
In base 7, what is 0 - 1604?
-1604
In base 4, what is 21 - -333?
1020
In base 10, what is -5 - -5274?
5269
In base 13, what is 1 + 4?
5
In base 14, what is 69d + 4?
6a3
In base 14, what is -1c + a?
-12
In base 4, what is 133 - 21?
112
In base 6, what is 3 - -420?
423
In base 16, what is -2 - 1666?
-1668
In base 6, what is -1 - 130?
-131
In base 10, what is 221 - -8?
229
In base 7, what is 34 + 44?
111
In base 4, what is -12100 - -3?
-12031
In base 12, what is 1 + -23?
-22
In base 5, what is -13 + -33403?
-33421
In base 6, what is -5 - 1340?
-1345
In base 8, what is -54 + 14?
-40
In base 5, what is 0 - 2002?
-2002
In base 13, what is 1 - -1545?
1546
In base 5, what is 204 + -14?
140
In base 3, what is 0 + 1202?
1202
In base 7, what is -2 - -4242?
4240
In base 2, what is -100 + -1011110011?
-1011110111
In base 8, what is 4 - -33?
37
In base 9, what is -4 - 3416?
-3421
In base 2, what is 1101000 + -11?
1100101
In base 5, what is -34 + 10?
-24
In base 5, what is -1401 + -404?
-2310
In base 2, what is 100 + -110101001110?
-110101001010
In base 12, what is 1 - 582?
-581
In base 4, what is 33 + -103213?
-103120
In base 8, what is 13 - 12?
1
In base 16, what is -23 - 15?
-38
In base 15, what is 1 - -10?
11
In base 11, what is -147 - 2?
-149
In base 13, what is -2 - 6b9?
-6bb
In base 5, what is 0 + 110?
110
In base 16, what is 2c7 + -2?
2c5
In base 8, what is 1 + 46?
47
In base 14, what is 2 + 4d0?
4d2
In base 12, what is -69 - 97?
-144
In base 13, what is -317 + 8?
-30c
In base 14, what is 49b1 + 1?
49b2
In base 10, what is 1 + 689?
690
In base 2, what is -101111000 - 11?
-101111011
In base 13, what is 14 + -19?
-5
In base 14, what is -3 - -364?
361
In base 10, what is -139 + -19?
-158
In base 15, what is 6 - 6e?
-68
In base 3, what is -10 - -20020?
20010
In base 12, what is -3 - -4?
1
In base 8, what is 16 + -75?
-57
In base 13, what is -5 + 43?
3b
In base 3, what is 1121 - 22?
1022
In base 15, what is -c7 + 5a?
-6c
In base 13, what is 1 - 13?
-12
In base 15, what is 6 + -380?
-379
In base 5, what is -1 + -342?
-343
In base 14, what is -766c + -1?
-766d
In base 12, what is 2701 + 2?
2703
In base 4, what is 2 - -303?
311
In base 2, what is 10010100011010 - 100?
10010100010110
In base 6, what is -2 - 213?
-215
In base 8, what is 1063 + -42?
1021
In base 16, what is -157 - 2?
-159
In base 16, what is -1 + -176b?
-176c
In base 16, what is 2 - -e36?
e38
In base 10, what is -109 + -89?
-198
In base 7, what is 535 + -4?
531
In base 4, what is 2233 - 132?
2101
In base 12, what is -137 + -3?
-13a
In base 14, what is -4 - -25?
21
In base 8, what is -145 - -50?
-75
In base 5, what is -3434 + -3?
-3442
In base 9, what is -1 - 24?
-25
In base 2, what is -11 + -1000?
-1011
In base 15, what is 1 + -10c?
-10b
In base 6, what is -3120 - -4?
-3112
In base 4, what is 200010 + -13?
133331
In base 14, what is 2b6 + 0?
2b6
In base 4, what is 11 + 12320?
12331
In base 2, what is -1100010 - -100?
-1011110
In base 7, what is -4 + -321?
-325
In base 3, what is -110 - -10002?
2122
In base 6, what is 13044 - 13?
13031
In base 9, what is 18 + 1?
20
In base 9, what is -2 - -765?
763
In base 12, what is 471 - 3?
46a
In base 5, what is -1 - -23?
22
In base 9, what is 6 - -15?
22
In base 4, what is -103 + -111?
-220
In base 11, what is -2 - 10aa?
-1101
In base 7, what is 12 + 4?
16
In base 14, what is -2 - 1b3?
-1b5
In base 14, what is 17 - a?
b
In base 12, what is 1 + -568?
-567
In base 13, what is 23c + 8?
247
In base 9, what is 10 - 53?
-43
In base 12, what is 38 + 2?
3a
In base 16, what is 5 + 1ae?
1b3
In base 4, what is 30 - 12?
12
In base 5, what is 10 + 2342?
2402
In base 16, what is 1 + 4a?
4b
In base 4, what is 0 + 1012?
1012
In base 5, what is -44 + -20?
-114
In base 10, what is -17 + 11?
-6
In base 4, what is 3230 + -232?
2332
In base 15, what is 67 + -1e?
48
In base 7, what is 3 - -3?
6
In base 14, what is -72d + -3?
-732
In base 3, what is -10210 - 2101?
-20011
In base 8, what is -14 + -23?
-37
In base 5, what is -4 - -112134?
112130
In base 9, what is -10630 + -2?
-10632
In base 8, what is 10 + 10616?
10626
In base 7, what is -3 + 2054?
2051
In base 6, what is -23053 - 5?
-23102
In base 3, what is 2 + 10220?
10222
In base 13, what is 35 + 2c?
64
In base 4, what is -12031 - 110?
-12201
In base 7, what is 10 + 31?
41
In base 16, what is -8 + 1ef?
1e7
In base 7, what is 6660 + 4?
6664
In base 3, what is -211 + 2211?
2000
In base 3, what is 12 - -22?
111
In base 2, what is 1100010 + -10101110?
-1001100
In base 4, what is -3331 - -2?
-3323
In base 2, what is 10000 + -1101000000?
-1100110000
In base 6, what is -100 + 1410?
1310
In base 13, what is 29 + -2b?
-2
In base 13, what is 3 - -137?
13a
In base 11, what is 4a + -a?
40
In base 10, what is 8 + -262?
-254
In base 15, what is 1b - 1?
1a
In base 15, what is -171 + 0?
-171
In base 2, what is 11000010101011 - -11?
11000010101110
In base 3, what is 10 - 200221?
-200211
In base 12, what is 937 - 4?
933
In base 5, what is -343040 + 1?
-343034
In base 12, what is 2 - 11b0?
-11aa
In base 16, what is 17b 